 Let m be i(-5). Is (204/m - 1/(-5))*479 a composite number?
True
Suppose -15*m + 492 = 132. Suppose 21*b + 6051 = m*b. Is b prime?
True
Let d(k) = -1316*k + 3. Let w be 13/(-11) - (53/11 - 5). Is d(w) composite?
False
Suppose 12*r - 8*r - 1673320 = 10*p, -2*p + 836618 = 2*r. Is r composite?
True
Let t be 3/3*1415/10*-2. Let x = t - -360. Is x a prime number?
False
Let o = 12 + -13. Let l be (-4 + 4)*(o + 2). Suppose -481 = -3*w + 2*k, l*w - 4*w = k - 656. Is w prime?
True
Let y(g) = -63 + 322*g**2 + 316*g**2 - 639*g**2 - 59*g. Is y(-25) prime?
True
Is 57/(-57) - -4687*(102 - 0) prime?
False
Suppose 0 = -3*b + 3 + 6, 3*j + b + 1917 = 0. Suppose -41*h - 51*h - 28*h = -11880. Let v = h - j. Is v prime?
True
Suppose z + 20 = 4*t + 288, -2*z = 8. Let a = t + 12. Is (94/(-4))/(4/a) a composite number?
True
Suppose 0 = 2*q - 2*w - 42486, 4*q - 5*w + 4280 = 89255. Suppose 3*b - q = -123. Is b composite?
False
Let z = 176 + -172. Suppose -142 = z*c - 6*c. Is c prime?
True
Let i(u) = 64*u**2 - 4*u + 9. Let j(c) be the first derivative of 320*c**3/3 - 10*c**2 + 45*c - 2. Let s(b) = 11*i(b) - 2*j(b). Is s(3) a composite number?
True
Suppose -553241 = 119*z - 132*z. Is z a composite number?
False
Suppose 0 = -8706*l + 8674*l + 742048. Is l prime?
True
Let c = -7 - -3. Suppose 2*j = 6, -3*j + 33 = -39*l + 37*l. Is ((-422)/c)/((-6)/l) a prime number?
True
Let g = -2638 + 8851. Let c = 10876 - g. Is c prime?
True
Let z = -103513 - 337137. Is (-8)/52 + z/(-13) - 3 composite?
False
Let i = -677792 - -990780. Suppose 32*v + 90684 = i. Is v a composite number?
False
Suppose 6 + 18 = -4*b. Let c(s) = -27*s**3 - 8*s**2 - 13*s - 1. Let x(n) = n**3 - n - 1. Let j(r) = b*x(r) + c(r). Is j(-4) composite?
False
Is (-10)/(-15)*((-4)/(-8))/(2/515334) a prime number?
True
Let n = 31 - 7. Let d = n - 5. Suppose -d*l = -17*l - 38. Is l prime?
True
Suppose -6*z + 3*z - 445 = 4*r, 0 = -5*z - 4*r - 747. Let a be (-9075)/50*8/(-6). Let p = a - z. Is p prime?
False
Suppose -12265 = 498*n - 503*n. Is n a prime number?
False
Let o(x) = -x**3 + 7*x**2 + 2*x - 18. Let g be o(8). Let d be 44/g - 2/(-3). Suppose -2*w + 3*n + 0*n + 983 = d, 5*w - 2480 = 3*n. Is w a composite number?
False
Let i(l) = 14*l - 32. Let y be i(-13). Let q = 375 + y. Let u = 280 - q. Is u composite?
True
Suppose -3*m - 7613 + 85226 = 0. Is m a composite number?
True
Let t(i) = 31*i**2 + 4*i**2 - 8*i - 8 + 20*i**2. Let y be t(-4). Suppose -5*k = p - y, 0 = -2*k + 3 + 3. Is p a prime number?
False
Suppose -10*o - 29*o - 130512 = -87*o. Is o a prime number?
True
Let m(n) be the third derivative of n**5/10 + 5*n**4/24 + n**3 - 25*n**2. Let t(f) = 3*f**2 + 3*f + 3. Let r(q) = -2*m(q) + 5*t(q). Is r(8) a composite number?
True
Let y be -2698 - (-1 + 4)/3. Let i = y + 6968. Suppose i = j + 2*j. Is j prime?
True
Suppose -23*b = -10916968 - 931045. Is b prime?
False
Suppose 0 = 7*b - 44627 - 51231. Let r = b - 51. Is r prime?
False
Let v(f) = 8*f**3 - 3*f**2 + 5*f - 1. Let g be v(1). Suppose -g = -3*k, s - 3*k - 288 = 10. Is s a prime number?
True
Let m = 15720 + 101. Suppose -25962 = -2*y + g + 5665, 0 = y + 2*g - m. Is y a prime number?
False
Suppose -3*o = 3*a - 363915, 0 = -8*o + 7*o + 3*a + 121321. Is o a composite number?
False
Let y(q) = 43895*q - 577. Is y(4) a prime number?
True
Let s(n) = -7*n**3 - 4*n**2 + 17*n - 9. Suppose 7*m + 90 = -3*m. Let v be s(m). Suppose 4*b - v = -4*f - 349, 5*f - 2*b - 5349 = 0. Is f a composite number?
False
Let a = 49 + -48. Let m be -3 - ((-25)/2 - a/(-2)). Is 677 - (m/(-4) + (-3)/(-12)) composite?
True
Let x = 8 + -4. Suppose -x*m = f + f - 256, m + 5 = 0. Suppose 2*q = -0*z + 4*z + f, -5*q - z = -334. Is q prime?
True
Let z(b) = b**2 + 8*b - 4. Let i be z(-9). Suppose -27 = -5*q - 4*q. Suppose -j + 471 = 3*x, -785 = -i*x + q*j + 2*j. Is x prime?
True
Let u = -24903 + 32402. Is u prime?
True
Suppose -4*x + 274064 = 5*d, -20*x + 22*x + d = 137038. Is x a prime number?
True
Is (-74862)/(-14) + (-60)/210 a prime number?
True
Let i = -353 + 348. Let c(j) = -147*j + 214. Is c(i) a prime number?
False
Suppose 0 = 2*q - 1162 - 8284. Let d be 0/(-4) - (-1 - -2575). Let n = d + q. Is n a composite number?
True
Suppose 20*y - 18*y + 8 = 0. Is (-8028)/(-16) + y/(-16) a composite number?
True
Suppose 90058165 = 110*r - 9*r. Is r prime?
False
Let a = -108979 + 155282. Is a prime?
False
Let z = 27927 + -2408. Suppose 2*x - 5*l = 25537, -4*x - z = -6*x - l. Is x a composite number?
True
Let k = 112777 + 255244. Is k a composite number?
False
Let a(h) = 2*h**2 + 8*h**2 - 2*h - 209*h**3 - 10 + 208*h**3. Let c be a(9). Let o = 398 + c. Is o prime?
False
Let x(d) = 14580*d**3 + 4*d**2 - 231*d + 453. Is x(2) a composite number?
True
Is 525/875 - -1306*34/10 prime?
True
Suppose -18171871 - 21326766 = -327*i + 35414774. Is i composite?
False
Suppose -30*f - 4*f = -6392. Let v = 663 + f. Is v a prime number?
False
Suppose 593 = 3*p + 4*s - 288, 0 = 5*p - 3*s - 1449. Let q = 1042 - p. Is q prime?
True
Let d = -165197 + 775608. Is d prime?
False
Let o(i) = 16611*i**2 + 92*i + 266. Is o(-3) prime?
True
Suppose t - 7317 = -2*t - 2*r, 3*r = 9. Suppose 0 = -2*b + b + t. Is b prime?
True
Let i be -4 - ((-6)/2 - -4)*0. Let o(b) = -30*b**3 + 5*b**2 + 17*b - 5. Is o(i) composite?
True
Suppose x - 19*f - 25619 = -18*f, f = -4*x + 102486. Is x prime?
True
Suppose 102*j + 40 = 100*j. Let m be (-1185)/j*2*(4 + 0). Let w = m + 223. Is w composite?
True
Let k be (1 - 213/(-5)) + 10/25. Suppose 4*y - 60 = -k. Let g(w) = 452*w - 7. Is g(y) composite?
False
Let p(q) = -1480*q + 1141. Is p(-30) prime?
True
Let f(h) = 44*h**2 - 104*h - 671. Is f(-40) a prime number?
False
Suppose 0 = 10*x - 99 + 9. Suppose 2472 = -x*y + 9483. Is y prime?
False
Let t(c) = 581*c - 64. Is t(15) composite?
True
Suppose -7*m - 509159 = -4*q + 370926, 5*q + 5*m = 1100010. Is q prime?
True
Suppose 3900699 = -31*o + 14384186. Is o a composite number?
True
Let a = 88933 - 26474. Is a prime?
True
Let h = -11 - -49. Suppose 3*x - 1493 + h = 0. Suppose -t - q + 5*q = -171, -x = -3*t - 2*q. Is t prime?
True
Let l be 64013 - 2 - (0 + -3 - -4). Suppose l = k + 9*k. Is k a composite number?
True
Let p be -55*13*(-10)/10. Suppose 3*q + 3*x = 2*q + p, -3*x = 5*q - 3515. Suppose 4*m - 2 = 6, 3*m - q = -2*g. Is g a composite number?
False
Let a(i) = -190*i - 9. Let c be 4 + (-10)/(-2) + -1. Suppose 4*w + 16 = c. Is a(w) a composite number?
True
Suppose 6 = 3*x - 2*x + 3*k, 5*x - 115 = 2*k. Suppose -26*g + x*g + 2815 = 0. Is g a composite number?
False
Let o be (-52)/234 - (22/(-18) - 0). Let m be -8*(441/(-12))/o. Suppose 5659 = 5*c + m. Is c composite?
True
Let h(b) = 6 + 10 - 1 + b**2 - 1 - 13*b. Let d be h(12). Suppose d*s - i = 533, -2*i - 1333 = -4*s - s. Is s a prime number?
False
Suppose -10*n - 127715 = -542945. Is n a prime number?
False
Suppose -6*z = -4*z - 4. Let u(j) = -2*j**2 + j - 3. Let w be u(z). Is 166*(2*w/(-12))/3 composite?
False
Let k be (-3)/(-1) - 480/6. Is 69 + k - (0 + -6181) composite?
False
Suppose 0 = 2*l + 9*l - 55. Suppose 0 = 3*g - l*t - 22, 0 = 3*g - 6*t + 4*t - 16. Is (g - 66/18) + 1202/3 a prime number?
True
Suppose 3*i = -2*i + 3*d - 18, 10 = -5*i + 5*d. Is 9444/(i - -2)*(-5)/15 a composite number?
False
Let c be (60/18)/(1/(-3)). Let d(u) = -u - 7. Let k be d(c). Is (-8)/(-12) + 91/k prime?
True
Suppose 0 = 2*f - 3*x - 22, 0 = 4*f + 3*x - 2 - 6. Suppose 0 = f*y + 510 + 275. Let p = y + 275. Is p composite?
True
Let g(n) = -102*n - 9. Let s be g(-8). Let d(r) = 378*r**3 + 3*r - 1. Let y be d(2). Suppose 0 = 2*c - y + s. Is c composite?
True
Let a(f) = -205*f**3 + 20*f**2 + 35*f + 161. Is a(-6) prime?
False
Let l(j) = -j**3 - 16*j**2 + j + 18. Let p be l(-16). Suppose 0 = 3*r + 6, p*r - 48916 + 11052 = -4*x. Is x prime?
True
Let o(x) = -1445*x + 1348. Is o(-110) a composite number?
True
Let h be 10 + 130/39 - (-1)/(-3). Let p(m) = -m**3 - m**2 + 1. Let z(g) = 4*g**3 + 33*g**2 + 4*g - 34. Let y(v) = 5*p(v) + z(v). Is y(h) a composite number?
True
Suppose -25900*q = -25864*q - 33364692. Is q a composite number?
False
Let j(w) = 9554*w - 5301. Is j(17) a composite number?
True
Let g(i) = -3785*i - 54. Let y be g(-5). Suppose -4*m + 2181 + y = 0. Is m prime?
False
Let k(n) = -n**3 - 16*n**2 + 10. Let a(y) = y**2 - 2*y -